?
3, 5, 29
Let l be (3/2)/(-3)*-8. Let v = l - -23. List the prime factors of v.
3
Let w(h) = -h**2 + 5*h - 6. Let n be w(3). Let g be -1 - -3 - (-13 - n). What are the prime factors of (g/(-10))/((-3)/114)?
3, 19
Let b = 1825 - 903. What are the prime factors of b?
2, 461
Suppose -3*y + 10 = -2*q + 2*y, 5*y - 10 = 0. Suppose 0 = 4*r + 16, r = 2*s - q*r + 500. What are the prime factors of (42/8)/((-27)/s)?
7
Suppose -4*o - 6*j = -11*j - 31, -4*j + 4 = 4*o. Let g be 135*(1 + (1 - 1)). Suppose 2*h - 3*p - g = -h, o*h - p = 192. What are the prime factors of h?
7
Let k be (-39)/(-12) - 4/16. Suppose -3*j = -q - 0 - k, j - 1 = 0. Suppose -4*o + 0*o - 33 = -w, q = -3*w + 2*o + 109. List the prime factors of w.
37
Let a = 2525 + -1235. What are the prime factors of a?
2, 3, 5, 43
Suppose 0 = -3*y + r + 339, -3*r + 0*r + 226 = 2*y. List the prime factors of y.
113
Suppose 14 = 4*l + 6. Suppose 0 = -l*t - t + 84. What are the prime factors of t?
2, 7
List the prime factors of 75 + 11/((-77)/14).
73
Let g(h) be the first derivative of h**2 + 20*h - 11. List the prime factors of g(-9).
2
Suppose 29512 = 7*g + 21*g. List the prime factors of g.
2, 17, 31
Suppose -3*i = y - 18, y + y - 30 = -3*i. Suppose -5*m + 0*g - g + 29 = 0, -3*g + y = 0. Suppose -m*l + 10*l - 125 = 0. List the prime factors of l.
5
Suppose 23*a + 9 = 26*a. Suppose a*b - 314 = -4*u - 103, 5*b = -u + 57. What are the prime factors of u?
2, 13
Suppose 4*n + 2*k = 14, 3*n = 5*n - 3*k + 5. List the prime factors of (77 - n) + (3 - 0) + 0.
2, 3, 13
Suppose -557 = -2*z + 509. List the prime factors of z.
13, 41
Let c(d) = -d + 8. Let l be c(9). Let o = -5 - l. Let u = 14 - o. List the prime factors of u.
2, 3
Let h(n) = -n**3 + 8*n**2 + n + 1. Let s be h(8). Suppose -5*y - 292 = -s*y. What are the prime factors of y?
73
Suppose 5*y - 3*p + 778 = -25, -5*p - 20 = 0. Let v = 265 + y. List the prime factors of v.
2, 3, 17
Let f = -47 + 19. What are the prime factors of (-2275)/f - (11/(-4) + 2)?
2, 41
Let l = 390 + -240. List the prime factors of l.
2, 3, 5
Suppose -2*r + 1022 = -4*z, -2*r - 3*r = -3*z - 2520. Suppose 2*a + 2*q = q + r, -a - 2*q + 252 = 0. List the prime factors of 12/(-5)*a/(-20).
2, 3, 5
Let y(u) = -5*u + 0*u - 2*u - 392 + 4*u + 389. Let g be -10 - (1 - 2)*0. List the prime factors of y(g).
3
Let u(z) = -804*z + 94. List the prime factors of u(-5).
2, 11, 17
Let q = 3329 + 717. What are the prime factors of q?
2, 7, 17
Let m = -4151 - -6350. What are the prime factors of m?
3, 733
Suppose 150*h - 72*h = 228384. What are the prime factors of h?
2, 3, 61
Suppose 0 = 8*o + 16*o - 11712. List the prime factors of o.
2, 61
Suppose -9*v + 12*v - 9 = 0. Suppose -3*j + 2*m + 186 - 35 = 0, -2*j + 118 = v*m. Let k = j + -21. What are the prime factors of k?
2
Let q be (2/6)/((-6)/(-36)). Suppose -q*x - 48 = -0*x. List the prime factors of (-3)/6*(x + 2).
11
Let i = 295 + 225. Suppose -4*b - 3*l = -0*l - 515, -4*l + i = 4*b. List the prime factors of b.
5
Suppose 5*b - 24 = -b. Suppose 0 = k + b*k - 2*u - 933, -2*u = -2*k + 378. What are the prime factors of k?
5, 37
Suppose 3430 - 307 = 9*k. List the prime factors of k.
347
Let g be (1 - 0)/(1*4/7124). Suppose 14*h + 241 - g = 0. List the prime factors of h.
2, 5, 11
Suppose 1098 = -62*m + 64*m. List the prime factors of m.
3, 61
Suppose -l - 5*w = -1168 + 85, -5475 = -5*l - 5*w. What are the prime factors of l?
2, 3, 61
Let f = 958 + -1464. List the prime factors of (-8)/36 - f/9.
2, 7
Let h(a) be the second derivative of 29*a**3/6 - 28*a**2 + a + 5. What are the prime factors of h(9)?
5, 41
Let l = -32 - -39. Let y(q) = q**2 - 7*q + 20. List the prime factors of y(l).
2, 5
Suppose 4*v = 3 + 5. Let g(y) = y + 4. Let u be g(0). Suppose -a = -n + v*n - 19, u*n + 20 = 0. What are the prime factors of a?
2, 3
Let p be ((-2)/(-2))/((-3)/(-9)). Suppose p*m + 352 = 7*m. List the prime factors of m.
2, 11
Let o(g) = g**3 - 15*g**2 + 17*g + 1. Suppose -2*h - 2 + 30 = 0. List the prime factors of o(h).
43
Let a(d) = -2*d**2 + 2*d + 2. Let c be a(-1). Let y = c + 7. Suppose 3 + 7 = y*i. List the prime factors of i.
2
Let v(q) = 494*q**3 + 4*q**2 + q - 2. What are the prime factors of v(1)?
7, 71
Suppose -14*a = -4*a - 1320. Suppose -3*d - 4*t + 6*t - 90 = 0, 3*t = -5*d - 131. What are the prime factors of a/14 + 12/d?
3
Suppose -3*o = -3*k + 4554, -2*o = 4*k - 3617 - 2437. What are the prime factors of k?
3, 5, 101
Suppose -l = 2 - 14. List the prime factors of (18/l)/(3*(-1)/(-104)).
2, 13
Suppose 5*y = -2*m + 46, 0 = 2*y + m - 11 - 8. Let c(l) = l**3 - 7*l**2 + l. List the prime factors of c(y).
2, 3
Let v(m) = 2*m**2 - m - 1. Let h be v(-1). Let u(s) = 17*s - s**3 + 11*s**h - 26*s + 9 + 5. List the prime factors of u(10).
2, 3
Let x be (-2)/(-11) + 318/66. Suppose -o + 5*o = -x*f + 385, 3*f = 2*o + 209. What are the prime factors of f?
73
Let d(g) = 3*g - 10. Let l be d(4). Let p = -11 - -26. Let v = p + l. List the prime factors of v.
17
Let z(s) be the third derivative of s**6/120 - 3*s**5/20 + s**4/6 + 2*s**3 + 16*s**2. What are the prime factors of z(9)?
2, 3
Suppose 3*w - 2*s + 39 = 0, 3*s = 5*w - s + 63. Suppose -7*r - 27 - 36 = 0. List the prime factors of (5*3)/(r/w).
5
List the prime factors of 607 - (0 - 7)/7.
2, 19
Let h(m) = -m**2 + 1. Let y(q) = -9*q**2 - 14*q + 29. Let r(b) = -5*h(b) - y(b). List the prime factors of r(4).
2, 3, 41
Suppose 16 = 5*u - 4*o, -4*u - o = -2*o - 4. Suppose u = s - 3*z - 86 + 12, -5*z - 146 = -2*s. List the prime factors of s.
2, 17
Suppose -d + 39 = -5*t - 18, -2*d + 18 = -2*t. Let y be (-361)/4 + 9/t. What are the prime factors of 14/y + (-238)/(-26)?
3
Let x be (-55)/(-10) - (-9)/(-6). Suppose 80 = b - 4*c + 7*c, 4*c + 240 = x*b. What are the prime factors of b?
5, 13
Suppose 0 = 2*w + 4*b + 150, 0 = -4*w - 4*b - 153 - 139. Let s = -35 - w. Suppose s = 3*t - 21. What are the prime factors of t?
19
Let t(g) = -g**3 - g**2 + 7*g + 15. Let a be t(-3). Suppose -3*y + a + 399 = 0. What are the prime factors of y?
137
Let o = 4 + 34. Suppose 3*a = 5*c + 437, 2*a + o - 326 = 5*c. What are the prime factors of a?
149
Let v(b) be the first derivative of 5*b**2 - 3*b - 3. Suppose -5*x = -x - 12. What are the prime factors of v(x)?
3
Suppose -3*o + 4*o - 4*u = 175, 4*o + u - 768 = 0. Let l = o + -130. What are the prime factors of l?
61
Suppose -4*l + 303 = c, 41*c - 39*c - 618 = -5*l. What are the prime factors of c?
11, 29
Let j(f) = -f**3 + 11*f**2 - 24*f + 5. Let n = 51 - 45. List the prime factors of j(n).
41
Let d(t) = -8*t - 20. Let v be d(-6). Let u be (-1239)/v - (-3)/(-4). Let q = u - -77. List the prime factors of q.
2
Let z(j) = -51*j - 13. What are the prime factors of z(-14)?
701
Let g be (2/13 - 10/65) + 0. Suppose 5*l - 22 - 288 = g. What are the prime factors of l?
2, 31
List the prime factors of (4095/(-18))/(2 + (-5)/2).
5, 7, 13
Suppose 220 = 4*w + 3*a + 74, 5*a = 5*w - 165. What are the prime factors of w?
5, 7
Suppose -8 = 4*b - 0. Let c = 6 - 6. List the prime factors of b - 0 - (c + -32).
2, 3, 5
Let h be (3 - (1 + 2))*(-2 + 1). Suppose 17*i - 7*i - 2680 = h. What are the prime factors of i?
2, 67
What are the prime factors of -260*(279/(-30))/((-18)/(-15))?
5, 13, 31
Let d(n) be the first derivative of n**3/3 + 3*n**2 + 8*n - 3. Let x be d(-5). Suppose 0*o = -x*o + 3*l + 15, -l = -4*o + 32. What are the prime factors of o?
3
Let j(p) = -8*p**3 - p**2 - 10*p - 16. Let a(x) = 7*x**3 + 2*x**2 + 9*x + 15. Let h(r) = -6*a(r) - 5*j(r). What are the prime factors of h(-5)?
5, 17
Let a(q) = 8*q + 3. Let g(i) = -i. Let l(m) = -4*a(m) - 28*g(m). Let f be l(-8). List the prime factors of 4/(-10) - (-828)/f.
41
What are the prime factors of (-66)/(-154) + 99426/21?
5, 947
Let w(i) = -2*i + 10. Let f be w(2). What are the prime factors of (-268)/(-2) - (-5 + f + -2)?
3, 5
Suppose 4*z + 4*a + 16 = 0, -z + 8*a - 5*a + 16 = 0. Let l be z + 5/((-15)/(-24)). Suppose -y + 33 + l = 0. List the prime factors of y.
2, 3, 7
Let q be (-2)/1 + -2 - -408. Let a = q + -244. List the prime factors of a.
2, 5
Let o(k) = 3 + 3 - 82*k**2 + 84*k**2 - 13*k + 2*k**3. List the prime factors of o(4).
2, 3, 19
Let z be ((-4)/1)/(-1 - 0). Suppose 0 = -4*u + 16, 6*v - 292 = z*v - u. What are the prime factors of v?
2